{"id":15,"date":"2012-07-13T10:23:53","date_gmt":"2012-07-13T09:23:53","guid":{"rendered":"http:\/\/www.rexaubonne.ch\/new\/?page_id=15"},"modified":"2012-11-11T11:30:08","modified_gmt":"2012-11-11T10:30:08","slug":"aubonne-et-son-cinema","status":"publish","type":"page","link":"https:\/\/www.rexaubonne.ch\/?page_id=15","title":{"rendered":"Aubonne et son cin\u00e9ma"},"content":{"rendered":"<p><strong>Dans les ann\u00e9es 1945<\/strong>, <strong>Monsieur Lucien Lincio<\/strong>, passionn\u00e9 de cin\u00e9ma, loue la salle du casino (actuellement L\u2019Esplanade) qui est l\u2019unique salle de spectacle de la cit\u00e9. Chaque semaine, avec l\u2019aide de Monsieur et Madame Pache, il projette des films de genres vari\u00e9s.<\/p>\n<p>Apr\u00e8s quelques ann\u00e9es, pour am\u00e9liorer les conditions de projection, des travaux sont effectu\u00e9s au Casino. Durant ces r\u00e9parations, les films sont pr\u00e9sent\u00e9s dans <strong>la grange de La Couronne<\/strong> : les anciens Aubonnois ont encore en m\u00e9moire les odeurs de crottin qui s\u2019en d\u00e9gageait !<\/p>\n<p>Monsieur Lincio, toujours aussi passionn\u00e9, aquiert la grange de l\u2019actuel Caf\u00e9 de la Grenade et la transforme en cin\u00e9ma.<\/p>\n<p><strong>En 1956<\/strong>, c\u2019est l\u2019ouverture du cin\u00e9ma Rex, la salle la plus moderne de Suisse qui peut projeter des films en Cin\u00e9mascope.<\/p>\n<p>Monsieur et Madame Lincio assurent gestion et programmation durant de longues ann\u00e9es. Puis quelques jeunes de la r\u00e9gion, f\u00e9rus de cin\u00e9ma, sont engag\u00e9s pour collaborer avec les propri\u00e9taires. En 1993, Monsieur Miguel Stucki, alors directeur de M\u00e9trocin\u00e9, accepte d\u2019aider les Lincio pour la programmation, puis pour la gestion, les jeunes restants tr\u00e8s actifs au niveau du fonctionnement de la salle.<\/p>\n<p><strong>M\u00e9trocin\u00e9 dispara\u00eet<\/strong>, est remplac\u00e9 par <strong>Europlex<\/strong>. Madame Lincio poursuit la t\u00e2che de son mari. Les ann\u00e9es s\u2019\u00e9coulent, Mesdames Ruth et Chantal Lincio souhaitent passer la main. Par un pr\u00e9avis, la Municipalit\u00e9 propose au Conseil communal d\u2019Aubonne d\u2019acqu\u00e9rir le b\u00e2timent du Rex. En novembre 2003, \u00e0 une tr\u00e8s large majorit\u00e9, le dit Conseil accepte la proposition de la Municipalit\u00e9. Cela correspond au d\u00e9sir de beaucoup de conserver dans notre ville ce lieu de culture et de rencontre.<\/p>\n<p>Le 8 juin 2004, l\u2019acte de vente est sign\u00e9 <strong>le Rex devient propri\u00e9t\u00e9 de la Commune<\/strong>.<\/p>\n<p>Le 9 juin, l\u2019association cin\u00e9matographique et culturelle du cin\u00e9ma Rex est cr\u00e9\u00e9e : elle a pour r\u00f4le d\u2019assurer le fonctionnement de la salle \u00e0 tous les niveaux.<\/p>\n<p>En 2006, Europlex dispara\u00eet \u00e0 son tour. Un contrat pour la programmation est \u00e9tabli avec Path\u00e9.<\/p>\n<p>Les ann\u00e9es passent, le public est toujours fid\u00e8le, mais la salle subit les assauts du temps.<\/p>\n<p>Le comit\u00e9 prend alors la d\u00e9cision de proposer \u00e0 la Commune, propri\u00e9taire des lieux, et aux membres de l\u2019association de proc\u00e9der \u00e0 <strong>une r\u00e9novation<\/strong>.<\/p>\n<p>Ayant obtenu l\u2019aval du Conseil communal (prise en charge des travaux sur le b\u00e2timent et cautionnement de l\u2019emprunt bancaire) ainsi que celui de l\u2019association, les travaux sont effectu\u00e9s d\u2019avril \u00e0 ao\u00fbt 2011 ; l\u2019inauguration du <strong>nouveau Rex<\/strong> se d\u00e9roule les 26 et 27 ao\u00fbt.<\/p>\n<p>Les participants d\u00e9couvrent un lieu r\u00e9nov\u00e9 de fond en comble: une nouvelle enveloppe du b\u00e2timent, un nouveau toit, une salle et un foyer r\u00e9am\u00e9nag\u00e9s, un nouvel \u00e9cran, un son am\u00e9lior\u00e9, une nouvelle cabine, des appareils de <strong>projection num\u00e9rique<\/strong> et la<strong> 3D<\/strong>.<\/p>\n<p>Tout cela a \u00e9t\u00e9 possible gr\u00e2ce, d\u2019une part, \u00e0 l\u2019appui de la Municipalit\u00e9, d\u2019autre part, \u00e0 celui des <strong>tr\u00e8s nombreux donateurs<\/strong> de toute la r\u00e9gion qui ont permis que cette r\u00e9novation se passe dans des conditions financi\u00e8res optimales.<\/p>\n<p>En 2012, il est d\u00e9cid\u00e9 de renoncer au contrat avec Path\u00e9 qui a r\u00e9alis\u00e9 la programmation ces derni\u00e8res ann\u00e9es. En collaboration avec les salles de Bex et Ch\u00e2tel-Saint-Denis, un programmateur est engag\u00e9.<\/p>\n<p>Le Rex est une <strong>salle ind\u00e9pendante<\/strong>, seule offre culturelle permanente d\u2019Aubonne et sa r\u00e9gion.<\/p>\n<p>Gr\u00e2ce \u00e0 l\u2019engagement et \u00e0 la g\u00e9n\u00e9rosit\u00e9 de toutes et tous, notre cin\u00e9ma s\u2019engage dans une nouvelle tranche de vie et peut maintenir son offre vari\u00e9e de films de qualit\u00e9 et pour tous les types de cin\u00e9philes.<\/p>\n<p>&nbsp;<\/p>\n<p>&nbsp;<\/p>\n","protected":false},"excerpt":{"rendered":"<p>Dans les ann\u00e9es 1945, Monsieur Lucien Lincio, passionn\u00e9 de cin\u00e9ma, loue la salle du casino (actuellement L\u2019Esplanade) qui est l\u2019unique salle de spectacle de la cit\u00e9. Chaque semaine, avec l\u2019aide de Monsieur et Madame Pache, il projette des films de genres vari\u00e9s. Apr\u00e8s quelques ann\u00e9es, pour am\u00e9liorer les conditions de projection, des travaux sont effectu\u00e9s [&hellip;]<\/p>\n","protected":false},"author":1,"featured_media":0,"parent":0,"menu_order":0,"comment_status":"open","ping_status":"open","template":"","meta":{"_acf_changed":false,"footnotes":""},"class_list":["post-15","page","type-page","status-publish","hentry"],"acf":[],"_links":{"self":[{"href":"https:\/\/www.rexaubonne.ch\/index.php?rest_route=\/wp\/v2\/pages\/15","targetHints":{"allow":["GET"]}}],"collection":[{"href":"https:\/\/www.rexaubonne.ch\/index.php?rest_route=\/wp\/v2\/pages"}],"about":[{"href":"https:\/\/www.rexaubonne.ch\/index.php?rest_route=\/wp\/v2\/types\/page"}],"author":[{"embeddable":true,"href":"https:\/\/www.rexaubonne.ch\/index.php?rest_route=\/wp\/v2\/users\/1"}],"replies":[{"embeddable":true,"href":"https:\/\/www.rexaubonne.ch\/index.php?rest_route=%2Fwp%2Fv2%2Fcomments&post=15"}],"version-history":[{"count":0,"href":"https:\/\/www.rexaubonne.ch\/index.php?rest_route=\/wp\/v2\/pages\/15\/revisions"}],"wp:attachment":[{"href":"https:\/\/www.rexaubonne.ch\/index.php?rest_route=%2Fwp%2Fv2%2Fmedia&parent=15"}],"curies":[{"name":"wp","href":"https:\/\/api.w.org\/{rel}","templated":true}]}}