{"id":21,"date":"2012-07-13T10:25:00","date_gmt":"2012-07-13T09:25:00","guid":{"rendered":"http:\/\/www.rexaubonne.ch\/new\/?page_id=21"},"modified":"2018-07-26T15:26:26","modified_gmt":"2018-07-26T14:26:26","slug":"publicites","status":"publish","type":"page","link":"https:\/\/www.rexaubonne.ch\/?page_id=21","title":{"rendered":"Prestations publicitaires"},"content":{"rendered":"<p>Madame, Monsieur,<\/p>\n<p>Les Cin\u00e9ma Rex \u00e0 Aubonne c&#8217;est aussi une vitrine publicitaire pour les commerces et les entreprises de la r\u00e9gion.<\/p>\n<p>En effet, lors de chaque s\u00e9ance, devant les films, nous vous offrons la possibilit\u00e9 de vous faire conna\u00eetre ainsi que votre entreprise par la diffusion sur notre \u00e9cran d&#8217;un ou plusieurs clich\u00e9s publicitaires. Et de toucher ainsi les quelques 12&#8217;000 spectateurs cin\u00e9philes annuels du cin\u00e9ma Rex.<\/p>\n<p>Voici les informations quant \u00e0 ces prestations ainsi que les tarifs avantageux que nous vous proposons :<\/p>\n<h3>Le fonctionnement du cin\u00e9ma REX et son impact<\/h3>\n<ul>\n<li>48 semaines d\u2019exploitation par ann\u00e9e (rel\u00e2ches de 4 semaines en \u00e9t\u00e9)<\/li>\n<li>Une moyenne de 8 \u00e0 10 s\u00e9ances par semaine d\u2019exploitation<\/li>\n<li>Plus de 12\u2019000 spectateurs par ann\u00e9e<\/li>\n<\/ul>\n<h3>Nos prestations<\/h3>\n<ul>\n<li>Diffusion de votre diapositive lors de chaque s\u00e9ance<\/li>\n<li>Dur\u00e9e de projection: <strong>5 secondes par diapositive<\/strong><\/li>\n<\/ul>\n<h3>Les tarifs<\/h3>\n<h4>Pour une planification par mois (2 mois minimum)<\/h4>\n<ul>\n<li><strong>1 dia 55 frs \/ mois<\/strong> pour les prestations cit\u00e9es ci-dessus<\/li>\n<li><strong>2 dias 100 frs \/ mois<\/strong> pour les prestations cit\u00e9es ci-dessus<\/li>\n<\/ul>\n<p>&nbsp;<\/p>\n<h4>Pour une planification annuelle<\/h4>\n<ul>\n<li><strong>1 dia 550 frs \/ ann\u00e9e<\/strong> pour les prestations cit\u00e9es ci-dessus<\/li>\n<li><strong>2 dias 900 frs \/ ann\u00e9e<\/strong> pour les prestations cit\u00e9es ci-dessus<\/li>\n<\/ul>\n<p>&nbsp;<\/p>\n<p>Pour profiter d\u00e8s maintenant de ces prestations, contactez Madame Patricia Balmer au 021 825 18 86 ou par mail \u00e0 <a href=\"mailto:info@rexaubonne.ch\">info@rexaubonne.ch<\/a><\/p>\n<p>Le cin\u00e9ma Rex vous remercie de votre confiance et se r\u00e9jouit de pouvoir vous compter parmi ses annonceurs.<\/p>\n<p>&nbsp;<\/p>\n","protected":false},"excerpt":{"rendered":"<p>Madame, Monsieur, Les Cin\u00e9ma Rex \u00e0 Aubonne c&#8217;est aussi une vitrine publicitaire pour les commerces et les entreprises de la r\u00e9gion. En effet, lors de chaque s\u00e9ance, devant les films, nous vous offrons la possibilit\u00e9 de vous faire conna\u00eetre ainsi que votre entreprise par la diffusion sur notre \u00e9cran d&#8217;un ou plusieurs clich\u00e9s publicitaires. Et [&hellip;]<\/p>\n","protected":false},"author":1,"featured_media":0,"parent":0,"menu_order":0,"comment_status":"open","ping_status":"open","template":"","meta":{"_acf_changed":false,"footnotes":""},"class_list":["post-21","page","type-page","status-publish","hentry"],"acf":[],"_links":{"self":[{"href":"https:\/\/www.rexaubonne.ch\/index.php?rest_route=\/wp\/v2\/pages\/21","targetHints":{"allow":["GET"]}}],"collection":[{"href":"https:\/\/www.rexaubonne.ch\/index.php?rest_route=\/wp\/v2\/pages"}],"about":[{"href":"https:\/\/www.rexaubonne.ch\/index.php?rest_route=\/wp\/v2\/types\/page"}],"author":[{"embeddable":true,"href":"https:\/\/www.rexaubonne.ch\/index.php?rest_route=\/wp\/v2\/users\/1"}],"replies":[{"embeddable":true,"href":"https:\/\/www.rexaubonne.ch\/index.php?rest_route=%2Fwp%2Fv2%2Fcomments&post=21"}],"version-history":[{"count":0,"href":"https:\/\/www.rexaubonne.ch\/index.php?rest_route=\/wp\/v2\/pages\/21\/revisions"}],"wp:attachment":[{"href":"https:\/\/www.rexaubonne.ch\/index.php?rest_route=%2Fwp%2Fv2%2Fmedia&parent=21"}],"curies":[{"name":"wp","href":"https:\/\/api.w.org\/{rel}","templated":true}]}}