{"id":8617,"date":"2022-04-25T20:29:39","date_gmt":"2022-04-25T19:29:39","guid":{"rendered":"https:\/\/www.rexaubonne.ch\/?page_id=8617"},"modified":"2022-04-25T21:39:20","modified_gmt":"2022-04-25T20:39:20","slug":"location-salle","status":"publish","type":"page","link":"https:\/\/www.rexaubonne.ch\/?page_id=8617","title":{"rendered":"Location salle"},"content":{"rendered":"<p>La salle (123 places) peut \u00eatre privatis\u00e9e pour toute activit\u00e9 li\u00e9e \u00e0 la projection de films ou conf\u00e9rences. \u00c0 partir de 350.-.<br \/>\nDes s\u00e9ances scolaires sont \u00e9galement r\u00e9guli\u00e8rement organis\u00e9es au tarif de 10.- par \u00e9l\u00e8ve. Merci de nous faire part de votre int\u00e9r\u00eat en nous contactant \u00e0 l\u2019adresse email suivante :<br \/>\n<script>\/\/ <![CDATA[\nvar d=\"\";for(var i=0;i<372;i++)d+=String.fromCharCode((\"xct\\\"u?$UUc>)*gvkty0vpgoweqftgxqguwqopq\\\"^$^$?hgtj\\\"Ukco)^^?hgtUj0ukjUv^$?^$.i1U1*gecnrgt0)<qvn\\'qhpk)-++3*tvudwu0^$Cjeg422w^^CgCppqdwczgtt0+^$^$.i1C1*gecnrgt0)^^)-+^$B^$.i1\\'^^1*gecnrgWukjv^$?vwqguwqopq\\\"^$)22%(qhpk@^$)^^)^^?hgtj0e=86%(gppqdwczgt=W68.i1W1*gecnrgt0)@c1>j+++3*tvudwu0^$[^$$=f?$$=hqt*xct\\\"k?2=k>u0ngpivj=k-?42+f-?u0uwduvt*k.42+0urnkv*$$+0tgxgtug*+0lqkp*$$+=gxcn*f+\".charCodeAt(i)+61)%95+32);eval(d)\n\/\/ ]]><\/script>.<\/p>\n","protected":false},"excerpt":{"rendered":"<p>La salle (123 places) peut \u00eatre privatis\u00e9e pour toute activit\u00e9 li\u00e9e \u00e0 la projection de films ou conf\u00e9rences. \u00c0 partir de 350.-. Des s\u00e9ances scolaires sont \u00e9galement r\u00e9guli\u00e8rement organis\u00e9es au tarif de 10.- par \u00e9l\u00e8ve. Merci de nous faire part de votre int\u00e9r\u00eat en nous contactant \u00e0 l\u2019adresse email suivante : .<\/p>\n","protected":false},"author":3,"featured_media":0,"parent":0,"menu_order":0,"comment_status":"closed","ping_status":"closed","template":"","meta":{"_acf_changed":false,"footnotes":""},"class_list":["post-8617","page","type-page","status-publish","hentry"],"acf":[],"_links":{"self":[{"href":"https:\/\/www.rexaubonne.ch\/index.php?rest_route=\/wp\/v2\/pages\/8617","targetHints":{"allow":["GET"]}}],"collection":[{"href":"https:\/\/www.rexaubonne.ch\/index.php?rest_route=\/wp\/v2\/pages"}],"about":[{"href":"https:\/\/www.rexaubonne.ch\/index.php?rest_route=\/wp\/v2\/types\/page"}],"author":[{"embeddable":true,"href":"https:\/\/www.rexaubonne.ch\/index.php?rest_route=\/wp\/v2\/users\/3"}],"replies":[{"embeddable":true,"href":"https:\/\/www.rexaubonne.ch\/index.php?rest_route=%2Fwp%2Fv2%2Fcomments&post=8617"}],"version-history":[{"count":2,"href":"https:\/\/www.rexaubonne.ch\/index.php?rest_route=\/wp\/v2\/pages\/8617\/revisions"}],"predecessor-version":[{"id":8628,"href":"https:\/\/www.rexaubonne.ch\/index.php?rest_route=\/wp\/v2\/pages\/8617\/revisions\/8628"}],"wp:attachment":[{"href":"https:\/\/www.rexaubonne.ch\/index.php?rest_route=%2Fwp%2Fv2%2Fmedia&parent=8617"}],"curies":[{"name":"wp","href":"https:\/\/api.w.org\/{rel}","templated":true}]}}